 -2 + -1 + -1. Let c = f + z. What is the units digit of c?
1
Let q(t) = -2156*t + 598. What is the ten thousands digit of q(-6)?
1
What is the thousands digit of 11095 + (5 - (9 - -9))?
1
Let w be (-1536)/(-112) + ((-2)/(-7) - 0). What is the thousands digit of 9172/7 + ((-4)/w - 0)?
1
Suppose -23762 + 5050 = 8*m. Let f = -1636 - m. Suppose 0 = 5*r + 2*w - 698, 0*r - 5*r + f = -3*w. What is the tens digit of r?
4
Suppose 7*w - 9*w + 6 = 5*c, 16 = 3*c - 5*w. Let f be (-2112)/(-40)*(0 + 10/c). Suppose 2*u = -2*m + 314, -3*m - f = -3*u + 237. What is the units digit of u?
2
Let f(y) = -300*y - 9147. What is the thousands digit of f(-65)?
0
Let z be ((-297)/18)/(-11)*-16. Let w(x) = -x**3 - 21*x**2 + 56*x + 48. What is the hundreds digit of w(z)?
4
Let v = 21153 + -9992. What is the tens digit of v?
6
Suppose -2*u - 8 = -4*t, -2*u + t = -3*u + 8. Suppose 3*r - 108 = -c + 4*r, -437 = -u*c + 3*r. What is the hundreds digit of c?
1
Let a = 8741 - -54428. What is the ten thousands digit of a?
6
Let t be (-17)/(-68) - (-1)/(-4). Let b be 5/5 - (t + -3). Suppose -b*f = -68 - 112. What is the units digit of f?
5
What is the thousands digit of 9 + 3 + 18 + 5677?
5
What is the tens digit of 35/((-455)/507)*2/18*-1566?
8
Suppose 3*c = -3*c. Suppose 4*j - 4*l - 50 - 910 = c, j - 265 = -4*l. What is the units digit of j?
5
Suppose 4*p - 3*p + 4*w + 6 = 0, 3*p - 2*w - 10 = 0. Let z(k) = 7*k - 8. Let j be z(p). Suppose 3*a + j*a = 1476. What is the units digit of a?
4
Suppose k = -11*k + 204. Let x be (13/4)/(1/4). Suppose -624 = -k*r + x*r. What is the hundreds digit of r?
1
Let x(z) = z**3 - 3*z**2 - 3*z - 12. Let t be x(5). Let m = -21 + t. Suppose m*a - 1620 = -7*a. What is the hundreds digit of a?
1
Let z be 21/(-3)*(-2)/7. Suppose 9696 = 33*w - 9*w. Suppose 4*s = -z*u + 412, -3*u = -5*u + 4*s + w. What is the tens digit of u?
0
Let p = 3300 - -11894. What is the ten thousands digit of p?
1
Let d be 1/(2/(-10) - 0). Let j(m) = -20 - 1 + 20*m - 34*m + 8 - 7. What is the tens digit of j(d)?
5
Let c = 17172 - 6365. What is the hundreds digit of c?
8
Suppose 0*a - 32*a + 123353 + 238407 = 0. What is the hundreds digit of a?
3
Let w be (5*-1)/(-14 + 13). Suppose 3*d + 4 = -2*x + 1, w*x = -5*d. Suppose x*f + f = 5*p + 512, -f = 2*p - 128. What is the units digit of f?
8
Let l be ((-307)/(-3) - 0)/((-54)/(-162)). Suppose 0 = 314*g - l*g - 847. What is the units digit of g?
1
Let a = 6 + -4. Let y = -3673 - -3466. What is the units digit of (y/27)/(a/(-36))?
8
Suppose 0 = -f + 332 + 411. Let o = f + -527. What is the tens digit of o?
1
Let f = 104292 - 73420. What is the hundreds digit of f?
8
Suppose 55*j = 54*j + 699. Suppose -20*g + j = -221. What is the units digit of g?
6
Suppose -2*n = 2*n - 3*m - 28881, -m = -4*n + 28891. Let k be (320/(-48))/(38/42 - 1). What is the tens digit of n/k + ((-6)/(-10))/(-3)?
0
Let g = -2834 + 3948. What is the hundreds digit of g?
1
Suppose -x = 2*v - 11093, -13*v - 22198 = -17*v + 2*x. What is the thousands digit of v?
5
Let k(s) = -s**3 - 6*s**2 + 14*s + 52. Let l be k(-7). Suppose l*b = -154 + 559. What is the tens digit of b?
3
Let y(o) = 912*o - 168. What is the units digit of y(3)?
8
Let l(t) = 11154*t + 11. Let v be l(4). What is the hundreds digit of 6/20 - v/(-110)?
4
Suppose -4*i + 5*i = -44. Let n = i - -65. What is the tens digit of n?
2
What is the hundreds digit of (-50644)/(-36) - (-32)/144?
4
Let q be -10*4/(-8)*(-8)/(-10). Let g(o) = 38*o**2 - 12*o + 42. What is the units digit of g(q)?
2
Let o(f) = -f - 18. Let c be o(-18). Suppose c = 8*k + 143 - 6151. What is the units digit of k?
1
Let l = 16418 - -2717. What is the tens digit of l?
3
Let b = 118033 + -63117. What is the hundreds digit of b?
9
Let u = -176 - -246. Suppose 0 = 5*a - 4*p - 48 + 248, -2*a - 82 = -2*p. Let v = u - a. What is the hundreds digit of v?
1
Let l(b) = 7*b. Let n be l(12). Let k = n + -78. What is the tens digit of (-3 + 182/k)*(-12)/(-2)?
6
Let u(l) = 145*l**2 + 7*l + 131*l**2 + 2*l - 3*l. Let t(a) = 184*a**2 + 4*a. Let i(y) = 8*t(y) - 5*u(y). What is the units digit of i(-1)?
0
Suppose 0 = -3*y + 2*d + 18, d - 5*d = y - 20. What is the hundreds digit of y*(1605/54 + 4/(-18))?
2
Suppose 40 = -75*o + 76*o. What is the tens digit of o?
4
What is the hundreds digit of (21/(-9))/(3/9) + 9364?
3
Let s(r) = 2*r**3 - 27*r**2 - r + 98. What is the tens digit of s(14)?
8
Let u(r) = -58*r + 30. Let l be u(9). Let k be 0 + 2/(-4) + l/24. Let p = k + 29. What is the units digit of p?
8
Suppose 0 = -5*b + 26*w - 22*w + 41644, 0 = 3*b + 3*w - 24954. What is the units digit of b?
4
Suppose 100640 = 16*h - 10957 - 10931. What is the hundreds digit of h?
6
Suppose -2 + 27 = -5*a, 2*s = -a + 15. Suppose -3*z + 2 = -s. Suppose z*y - 74 = y - 2*g, 3*y - 3*g = 99. What is the units digit of y?
8
Let m(t) = 4*t - 4*t + 0 - t - 5. Let u be m(-9). Suppose -u*y + 3*q = 102 - 480, -y + 94 = -q. What is the units digit of y?
6
What is the ten thousands digit of (-4 - 1)*(12 + (9 - 2522))?
1
Let n(a) be the first derivative of a**3/3 - 6*a**2 - 13*a - 51. What is the tens digit of n(16)?
5
Let m = 124 + -72. Suppose 54*n = m*n + 660. What is the units digit of n?
0
Let f(m) = -m**3 - 50*m**2 - 18*m + 267. What is the tens digit of f(-53)?
4
Let v(x) = -690*x + 1059. What is the ten thousands digit of v(-13)?
1
Suppose 5*j - 2*c + 615 = 0, -2*c + 131 = -2*j + j. Let r = 249 + j. What is the units digit of r?
8
Suppose 4*h = 4*n + 18*h - 61504, 2*h = 4*n - 61408. What is the units digit of n?
5
Suppose -929 = -2*k - 9. Let v(a) = a**2 + 13*a - 9. Let l be v(-14). Suppose 0 = -l*y - 4*u + 581, 2*u = -3*y - y + k. What is the tens digit of y?
1
Let t(y) = -6*y - 88. Let f be t(-16). What is the units digit of (-4 - (-36)/f)*(-292)/(-2)?
3
Let c(y) = -5*y**3 - 3*y**2 - 3*y - 20. Suppose 28 = -10*m - 12. What is the units digit of c(m)?
4
Let o(w) = 10*w - 12. Let z be o(-5). Let j = 70 + z. Suppose 4*s + 5*c = 208, -4*c + 49 - j = s. What is the units digit of s?
7
Let b(v) = 274*v - 123*v - 138*v - 19 + 15*v**2. What is the units digit of b(-7)?
5
Let p be -3 - (-3)/(3 - 3512/1172). Suppose -10*z = -8*z - p. Suppose 4*b = h + 4*h - z, -2*b - 348 = -4*h. What is the units digit of h?
6
Let x = -2322 + 6854. What is the thousands digit of x?
4
Let o = -8 - -60. Let p = 54 - o. Suppose -5*r + 155 = -5*f, 4*r - 24 = p*f + 90. What is the units digit of r?
6
Let o = -31705 + 44441. What is the thousands digit of o?
2
Let q(i) = -22*i**2 - 17 - 24 + 10*i - 8*i + i**3. Let l be q(22). Suppose -l*d + y + 461 + 3 = 0, 5*d = 4*y + 778. What is the hundreds digit of d?
1
Let a(b) = b**3 + 2*b + 5. Let o = 158 - 158. What is the units digit of a(o)?
5
Suppose 21*b - 41454 = -22896 + 49566. What is the thousands digit of b?
3
Suppose -2*w - 3*c - 54 = -2*c, 5*w - 2*c = -144. Let h = -29 - w. What is the tens digit of (-187 - -12)*(1 - (1 - h))?
7
Let l(w) = 12*w**2 - 4 - 2*w + 0 + 7*w**2 + 46*w**3 - 45*w**3 + 0. What is the hundreds digit of l(7)?
2
Let f(n) = -240*n - 111. Let p be f(-4). Suppose -897 - p = -9*j. What is the units digit of j?
4
Let u(f) = 189*f - 3935. What is the units digit of u(42)?
3
Let s(y) = y - 15. Let p be s(-16). Let o = 20 + p. Let k(i) = -3*i + 13. What is the tens digit of k(o)?
4
Suppose -543 + 547 = -q. What is the hundreds digit of 15 + 473 + (0 - -1)*q?
4
Suppose -87*h = -83*h + 528. Let q = h - -154. What is the tens digit of q?
2
Suppose -5*d = 2*d. Suppose 24 = -d*h - 4*h. What is the tens digit of ((-126)/24)/(h/80)?
7
Let g = -210 - -219. What is the units digit of 3/(((-27)/(-80))/g)?
0
Let d be (-7 + 14)*3/((-21)/(-50)). Let v be -5*(-8)/d*20/(-8). What is the units digit of 2 - 3 - 1 - 40/v?
8
Suppose -3*v - 3*b + 630 = 0, 5*v - 1052 = -b - 2*b. Let u = -119 + v. Let i = u - -54. What is the tens digit of i?
4
Suppose 0 = -c + 9*y - 14*y + 2888, 0 = -3*c - 2*y + 8664. What is the tens digit of c?
8
Suppose -3*v = -2*m + 567, 16*m - 20*m + 4*v = -1148. What is the tens digit of m?
9
Let x(o) = 2*o**3 - 6*o**2 + 7*o - 2. Let u be x(2). Suppose -32 = -u*z - 2*l + 48, -4*z = 4*l - 84. What is the units digit of z?
9
Let t(k) = k**3 + 7*k**2 - 14*k - 5. Let s be (-1 - (6 - 0))/1. What is the units digit of t(s)?
3
Suppose -886*k - 3*